ve f(g).
-70
Let k(a) = 462*a + 1383. Let t be k(-3). Let x(z) = -17*z + 9. Give x(t).
60
Suppose -2*h = 4*h - 12. Let w(x) = -18*x**h - 101 + 105 - x**3 + 15*x**2. Suppose -5*j - 34 - 7 = 4*l, -6 = -l + 2*j. Calculate w(l).
20
Let v(s) = s**3 - 46*s**2 + 165*s + 245. Let b(k) = -6*k**3 + 272*k**2 - 988*k - 1472. Let p(z) = 4*b(z) + 25*v(z). Calculate p(59).
1
Let v(x) = -x**3 + 12*x**2 - 19*x - 30. Let o(d) = 13*d**2 - 2*d. Let u(j) = -2*o(j) + v(j). What is u(-13)?
-4
Let d(h) = h - 5. Let i be d(7). Let o(x) = -3*x + 23. Let n be o(7). Let f(c) = -c**n - 28*c + 32*c + c**2 - 3*c**2 - 3. What is f(i)?
-7
Suppose -2*j = -2*q - 44 + 66, 4*j + 3*q + 44 = 0. Let h(k) = -19*k - 185. Calculate h(j).
24
Let q(h) = 2*h - 15. Suppose 348 = 4*x - 180. Let n be 171/(-33) + (-8)/x*-3. Let b(i) = -i + 8. Let l(y) = n*b(y) - 2*q(y). Determine l(0).
-10
Let j(k) = 3*k**3 + 88916*k - 3 - 2*k**3 - 88920*k. Let d(m) be the third derivative of m**6/120 - m**5/15 + m**4/8 + 6*m**2. Let v be d(2). Determine j(v).
-3
Let q(a) = 10*a - 5. Let m(r) = -79*r + 57. Let h(c) = -20*c + 14. Let w(i) = 9*h(i) - 2*m(i). Let s(y) = -5*q(y) - 2*w(y). Determine s(4).
-23
Let b(r) be the second derivative of -17*r**3/3 + 7*r**2/2 - 1111*r + 1. Give b(3).
-95
Let b(t) = 4*t**3 - 28*t**2 + 26*t - 36. Let i(m) = 3*m**3 - 21*m**2 + 19*m - 27. Let v(c) = 7*b(c) - 9*i(c). Calculate v(6).
21
Let b be (0 - -3) + -6 - -7. Let k(j) = 33 - 16 + b*j - 15. Calculate k(-4).
-14
Let h(f) = -4*f**2 + f**2 + 3*f - f**2 + 1. Let x be -189 + 219 - (35 + -3). Calculate h(x).
-21
Suppose 8*m + 4 = 20. Suppose -a = -s - 4*s + 36, m*a - 4*s = -42. Let h(f) = -f - 10. Determine h(a).
1
Let u(l) = -l**2 + 17*l - 61. Suppose 13*s - 4 = -2*r + 42, 22 = 2*r + s. What is u(r)?
9
Let l(j) be the second derivative of -j**3/3 + 13*j**2/2 + 2*j. Let v be -39 - -59 - (-50)/(-5). Calculate l(v).
-7
Let d(j) be the first derivative of j**4/4 - 10*j**3/3 + 7*j**2 - 30*j + 3226. Give d(9).
15
Let q(b) be the third derivative of -1/180*b**6 + 3/2*b**3 + 0*b**5 + 0*b + 8*b**2 + 0 + 1/12*b**4. Let l(f) be the first derivative of q(f). Give l(-2).
-6
Let c(l) = 3*l + 4. Let j(f) = -27*f + 397. Let a be j(15). What is c(a)?
-20
Suppose -2*x + 3*x + 8 = -4*z, 4*x + z - 13 = 0. Suppose -12 = -x*i + 12. Let w = i - 9. Let k(v) = -v - 2. Determine k(w).
1
Suppose 2*u + 2*u = 4. Let w be (1/4)/((-15)/20 + u). Let f(q) = -q. Let h(g) = -g**2 + 9*g + 4. Let s(b) = w*f(b) + h(b). Give s(4).
20
Suppose 2*k - 21 = -3*l, l - 10 = -2*k + 5. Let b(w) = -3*w**2 + 7*w - 9. Give b(l).
-15
Let u(p) be the first derivative of p**3 + 21*p**2 + 4*p + 583. Calculate u(-14).
4
Let d(j) = -j**2 + 8*j + 2. Suppose 2*k - 4*w = 16, 288*k - w = 286*k + 10. Calculate d(k).
18
Suppose -d = d + 3*p - 23, -5*d + p + 15 = 0. Let u(v) = -v**3 + 18*v - 5 + 3*v**2 + 18*v + 26*v - 55*v. Give u(d).
7
Let x(c) = 8*c + 14. Let y(f) = 340*f - 3402. Let o be y(10). What is x(o)?
-2
Let l(n) = -14*n**3 + 27*n**2 + 6*n - 4. Let g be l(2). Let q(w) = 4*w**2 - 2*w + 1. Determine q(g).
57
Let h = -23 - -23. Let y be (9/3)/6*h. Suppose 0 = 3*m + 3*q - 12, y = -3*m + 2*q - 3. Let v(t) = 4*t**3 + t**2 - 1. Give v(m).
4
Let g = -8132 - -8132. Let v(s) = -s**2 + 25*s - 6. Give v(g).
-6
Let w(l) be the second derivative of -1/3*l**4 - 1/20*l**5 + 8 - 2*l**2 - 5*l + 0*l**3. What is w(-4)?
-4
Let q(w) be the second derivative of -7*w**5/40 - 22*w**3/3 - w**2/2 - 2*w - 10. Let y(x) be the second derivative of q(x). Determine y(-1).
21
Let j(g) = 28*g**3 + 12*g**2 + 171 - 114*g**3 + 20*g**3 + 41*g**3 + 26*g**3. Give j(-13).
2
Let p(u) = -45 + 83 - 41 - 2*u. Let o(y) = -17*y - 15. Let c(r) = -6*r - 5. Let h(l) = -8*c(l) + 3*o(l). Let b(j) = -5*h(j) + 8*p(j). What is b(-5)?
6
Suppose -1 = p + 1. Let w be 6 - (3 + -2 - p). Let g(v) = 41*v - 9. Let k(l) = 9*l - 2. Let j(t) = 2*g(t) - 9*k(t). Give j(w).
3
Let f = 2188 + -2188. Let s(w) = -w**2 + 3*w - 19. Let i(d) = d**2 - 4*d + 19. Let a(l) = -4*i(l) - 5*s(l). Determine a(f).
19
Let s(y) = y**2 + 42*y - 89. Let t(f) = -2*f**2 - 63*f + 140. Let q(o) = 8*s(o) + 5*t(o). Give q(9).
15
Let q = 5580 - 5578. Let u(o) = -4*o**3 - 3*o + 3. Calculate u(q).
-35
Let s(r) = -17*r + 111. Let f(d) = 85*d + 5191. Let q be f(-61). Determine s(q).
9
Let n(k) = k**3 + 72*k**2 + k + 65. Let u be n(-72). Let v(d) = -4*d**2 - 26*d - 8. Calculate v(u).
-22
Let h(m) be the third derivative of m**5/120 + 7*m**4/24 - 149*m**3/6 - 63*m**2. Let a(p) be the first derivative of h(p). Give a(-5).
2
Let g(l) = 3*l**3 + 5*l**2 + 3*l + 22. Let t(f) = f**3 - 2*f**2 + f + 1. Let x(w) = -g(w) + 4*t(w). Determine x(13).
-5
Let y(k) = -k**2 - 3*k + 10. Let x be (84/(-35))/(2 - (-40)/(-25)). Calculate y(x).
-8
Let j(t) = -301*t**2 - 53*t + 14. Let q(k) = 95*k**2 + 17*k - 5. Let f(s) = 6*j(s) + 19*q(s). Calculate f(6).
-17
Let q(l) = -l**3 + 7*l**2 + 2*l + 6. Let c = -340 - -344. Let g(b) = -3*b**3 + 20*b**2 + 5*b + 16. Let d(j) = c*g(j) - 11*q(j). Calculate d(2).
-2
Let p(l) = -l**3 - 10*l**2 + 12*l - 4. Let d(v) = v**3 + 45*v**2 + 8*v + 349. Let n be d(-45). Give p(n).
-15
Suppose 3*d + 52 = 5*d. Let g = -24 + d. Suppose 6*s - s = 2*o - 14, -14 = -g*o - 2*s. Let x(u) = -u**3 + 6*u**2 + 7*u + 10. Calculate x(o).
10
Let l(q) be the third derivative of 1/120*q**6 + 9*q**2 + 0 - 2/15*q**5 + 5/24*q**4 + 4*q - 2*q**3. Give l(8).
28
Let s(r) be the first derivative of r**2/2 + 152. Let h(q) = -q. Let k = 1 - 0. Let d(x) = k*s(x) + 2*h(x). Calculate d(7).
-7
Let p(g) = -5 - 100*g**3 - 20*g**2 + 20*g + 148*g**3 - 47*g**3. Give p(19).
14
Let x(j) = 13*j**2 - 3*j + 15 + 5*j - 26*j**2 + 4*j**2 - j**3 + 4*j**2. Give x(-3).
-9
Let x(y) = -y**2 - 20*y - 27. Let p be x(-9). Suppose 0 = 3*f - 3*w - p, -w - 9 = 3*f - 65. Suppose 25 = 5*g - f. Let c(s) = -s**2 + 9*s + 6. Give c(g).
6
Let b(a) = -40*a + 7 + 12 - 2 - 2*a**2 - 3 + 1. Calculate b(-20).
15
Let t(f) = 20*f - 2659 - 2664 + 5411 - 6*f. Calculate t(-11).
-66
Let r(q) = -33*q + 4. Let g(y) = 46*y - 96. Let h(u) = -g(u) - 2*r(u). What is h(-5)?
-12
Let j(h) = 18*h + 59. Let x be (-1)/(17 + (-804)/48). Calculate j(x).
-13
Let n(q) = q**2 - 3*q + 19. Let m be 8 + -1 - (-168)/(-1 - -29). Determine n(m).
149
Let i(t) = -t + 5. Suppose -2*b - 11 = -3*g, b - 2*g + g + 3 = 0. Let s be i(b). Let p(m) = m**3 + 21*m - 11*m - 14*m - s - 6*m**2. Determine p(6).
-27
Let c = 37 + -20. Let a = 638 + -635. Suppose q = -6*y + 3*y - c, a*y - 5*q + 41 = 0. Let u(z) = -z - 7. Calculate u(y).
0
Suppose 6*a + 9 = 9*a. Suppose -a*o + 10*o = 0. Suppose -2*n - 2*r + 4 = o, 3*r - 12 = n - 2. Let q(k) = 5*k**2 + 2*k + 1. Calculate q(n).
4
Let q(b) = -b + 1. Let s(o) = -3*o - 9. Let v(j) = 4*q(j) - s(j). Let g = -137631 + 137638. Calculate v(g).
6
Suppose -5*q + 4*p - 2*p = -4, -2*q + p + 2 = 0. Let u(n) = q*n - 3*n + n. Let x(c) = 44*c + 133. Let y be x(-3). Determine u(y).
-2
Suppose 0 = -347*m + 352*m - 80. Let d(r) = r**3 - 16*r**2 - 3*r - 5. What is d(m)?
-53
Let d = 231 + -190. Suppose -34 = -a - d. Let b(u) = -u**2 - 6*u + 10. What is b(a)?
3
Let h(z) = z**3 - 5*z**2 + 6*z - 5. Let d be h(4). Let c(s) = -4 - 3*s**2 + d - 4*s**2 - 5*s**2. Suppose -10*p - 58 = -48. Determine c(p).
-13
Let c = -79 + 81. Suppose 0 = c*j + 33 - 21. Let p(g) = g**3 + 4*g**2 - 13*g - 6. Calculate p(j).
0
Let f be 10*(-3 + 5/((-5)/(-16))). Let m = f - 123. Let l(v) = v**2 - 4*v + 6. Calculate l(m).
27
Let o(y) = -8 - y**2 - 9 + 18 + y. Suppose 2*z - 1 = -3*h + 3*z, 35 = -5*z. Determine o(h).
-5
Let i be (-5)/(-6)*(0 - -6). Let t(f) = -53*f**3 + 25*f**2 + 26*f - 10. Let s(o) = -63*o**3 + 30*o**2 + 31*o - 12. Let q(d) = 16*s(d) - 19*t(d). Give q(i).
8
Let x(l) = l**3 - 4*l**2 + 3. Let a be (-6)/5*32860/(-318). Let f = -189 - -69. Let w = a + f. Determine x(w).
3
Let x(q) be the second derivative of 2/3*q**4 + 23*q - 1 - 1/20*q**5 + q**2 + 11/6*q**3. Give x(9).
20
Let f(a) = 4*a + 45 + 47 - 97. What is f(0)?
-5
Suppose 25*r + 24*r = -48*r - 31*r. Let x(q) = q**3 + q**2 - q - 3. What is x(r)?
-3
Let q(w) = -3*w**2 - 5*w + 17. Let i(d) = d**2 + 2*d - 6. Let y(g) = -8*i(g) - 3*q(g). Let c be 2 + 4 + 126/(-21). Calculate y(c).
-3
Let l(y) be the second derivative of y**5/10 + 4*y**4/3 - y**3/2 - 12*y**2 - 136*y. What is l(-8)?
0
Let i be (-5 - -1) + 0 - -8. Let d(l) = 4*l - i